{"id":75,"date":"2020-09-01T12:23:57","date_gmt":"2020-09-01T10:23:57","guid":{"rendered":"https:\/\/arapharmafrance.com\/web\/?page_id=75"},"modified":"2024-03-08T11:43:55","modified_gmt":"2024-03-08T10:43:55","slug":"productos","status":"publish","type":"page","link":"https:\/\/arapharmafrance.com\/web\/productos\/","title":{"rendered":"Produits"},"content":{"rendered":"<p style=\"padding: 15px 0;\">\u00a0<\/p>\n<div class=\"featured_image_holder rounded_image img_loaded\"><img loading=\"lazy\" decoding=\"async\" class=\"aligncenter\" style=\"float: left; margin-right: 10px;\" src=\"https:\/\/arafarma.com\/wp-content\/uploads\/2021\/06\/ico-productos-1.png\" alt=\"\" width=\"64\" height=\"64\"><\/div>\n<h1 style=\"color: #004890; margin: 15px 0px 10px 80px;\"><strong>PRODUITS<\/strong><\/h1>\n<p class=\"ara_ptac\">Arafarma Group fabrique et commercialise des m\u00e9dicaments, des compl\u00e9ments alimentaires et des produits de sant\u00e9 selon les normes de qualit\u00e9 les plus strictes, toujours dans le but d&rsquo;am\u00e9liorer la qualit\u00e9 de vie.<\/p>\n<p>&nbsp;<\/p>\n<div class=\"featured_image_holder rounded_image img_loaded\"><img loading=\"lazy\" decoding=\"async\" class=\"aligncenter\" style=\"float: left; margin-right: 10px;\" src=\"https:\/\/arafarma.com\/wp-content\/uploads\/2021\/06\/ico-productos-complementos.png\" alt=\"\" width=\"64\" height=\"64\"><\/div>\n<h1 style=\"color: #004890; margin: 15px 0px 10px 80px;\"><strong>COMPL\u00c9MENTS ALIMENTAIRES<\/strong><\/h1>\n<\/p>\n<p class=\"ara_ptac\">Nos compl\u00e9ments alimentaires sont ax\u00e9s sur l&rsquo;offre d&rsquo;un produit d&rsquo;une efficacit\u00e9 et d&rsquo;une s\u00e9curit\u00e9 maximales, en utilisant des ingr\u00e9dients de haute qualit\u00e9 et la technologie pharmaceutique la plus innovante pour leur fabrication.<\/p>\n<p class=\"ara_ptac\">Nous nous concentrons principalement sur les domaines de l&rsquo;appareil musculo-squelettique, de la douleur et de l&rsquo;uro-gyn\u00e9cologie, en mettant l&rsquo;accent sur les probl\u00e8mes de nature chronique et difficiles \u00e0 r\u00e9soudre.\n<\/p>\n<p>&nbsp;<\/p>\n","protected":false},"excerpt":{"rendered":"<p>\u00a0 PRODUITS Arafarma Group fabrique et commercialise des m\u00e9dicaments, des compl\u00e9ments alimentaires et des produits de sant\u00e9 selon les normes de qualit\u00e9 les plus strictes, toujours dans le but d&rsquo;am\u00e9liorer la qualit\u00e9 de vie. &nbsp; COMPL\u00c9MENTS ALIMENTAIRES Nos compl\u00e9ments alimentaires sont ax\u00e9s sur l&rsquo;offre d&rsquo;un produit d&rsquo;une efficacit\u00e9 et d&rsquo;une s\u00e9curit\u00e9 maximales, en utilisant des [&hellip;]<\/p>\n","protected":false},"author":1,"featured_media":0,"parent":0,"menu_order":0,"comment_status":"closed","ping_status":"closed","template":"","meta":{"footnotes":""},"class_list":["post-75","page","type-page","status-publish","hentry"],"_links":{"self":[{"href":"https:\/\/arapharmafrance.com\/web\/wp-json\/wp\/v2\/pages\/75","targetHints":{"allow":["GET"]}}],"collection":[{"href":"https:\/\/arapharmafrance.com\/web\/wp-json\/wp\/v2\/pages"}],"about":[{"href":"https:\/\/arapharmafrance.com\/web\/wp-json\/wp\/v2\/types\/page"}],"author":[{"embeddable":true,"href":"https:\/\/arapharmafrance.com\/web\/wp-json\/wp\/v2\/users\/1"}],"replies":[{"embeddable":true,"href":"https:\/\/arapharmafrance.com\/web\/wp-json\/wp\/v2\/comments?post=75"}],"version-history":[{"count":7,"href":"https:\/\/arapharmafrance.com\/web\/wp-json\/wp\/v2\/pages\/75\/revisions"}],"predecessor-version":[{"id":343,"href":"https:\/\/arapharmafrance.com\/web\/wp-json\/wp\/v2\/pages\/75\/revisions\/343"}],"wp:attachment":[{"href":"https:\/\/arapharmafrance.com\/web\/wp-json\/wp\/v2\/media?parent=75"}],"curies":[{"name":"wp","href":"https:\/\/api.w.org\/{rel}","templated":true}]}}