{"id":30,"date":"2020-08-28T16:53:42","date_gmt":"2020-08-28T14:53:42","guid":{"rendered":"https:\/\/arapharmafrance.com\/web\/?page_id=30"},"modified":"2020-08-28T16:53:43","modified_gmt":"2020-08-28T14:53:43","slug":"development-des-affaires","status":"publish","type":"page","link":"https:\/\/arapharmafrance.com\/web\/development-des-affaires\/","title":{"rendered":"D\u00c9VELOPMENT DES AFFAIRES"},"content":{"rendered":"\n<p>Arafarma Group a d\u00e9velopp\u00e9 en Espagne un r\u00e9seau de vente de d\u00e9l\u00e9gu\u00e9s commerciaux charg\u00e9s de pr\u00e9senter les produits et les nouveaut\u00e9s du laboratoire aux principaux sp\u00e9cialistes dans chaque domaine th\u00e9rapeutique. Nous participons \u00e9galement aux diverses congr\u00e8s et salons pharmaceutiques organis\u00e9s dans tout le pays pour se rapprocher de tous les professionnels du secteur et pour faire conna\u00eetre les diff\u00e9rents lancements r\u00e9alis\u00e9s.<br>Par ailleurs, le d\u00e9veloppement international repr\u00e9sente l\u2019un des moyens d\u2019expansion choisis par le Groupe pour consolider sa croissance, et tenter d\u2019universaliser les avantages des produits qu\u2019il d\u00e9veloppe.<br>A commercialisation est r\u00e9alis\u00e9 par des alliances strat\u00e9giques avec des licenci\u00e9s et des distributeurs.<\/p>\n\n\n\n<h2 class=\"wp-block-heading\">Les zones commerciales sont les suivantes :<\/h2>\n\n\n\n<figure class=\"wp-block-image size-large\"><img loading=\"lazy\" decoding=\"async\" width=\"567\" height=\"401\" src=\"https:\/\/arapharmafrance.com\/web\/wp-content\/uploads\/2020\/08\/image.png\" alt=\"\" class=\"wp-image-31\" srcset=\"https:\/\/arapharmafrance.com\/web\/wp-content\/uploads\/2020\/08\/image.png 567w, https:\/\/arapharmafrance.com\/web\/wp-content\/uploads\/2020\/08\/image-300x212.png 300w\" sizes=\"auto, (max-width: 567px) 100vw, 567px\" \/><\/figure>\n\n\n\n<p>Notre objectif est de cr\u00e9er une valeur ajout\u00e9e par des accords de collaboration. Nous croyons que l\u2019octroi de licences (Out-Licensing) constitue la base de notre croissance et d\u00e9veloppement par l\u2019internationalisation et nous pensons aux accords de licence (In-Licensing) comme possibilit\u00e9 afin de compl\u00e9ter notre gamme de produits dans les domaines strat\u00e9giques et pharmacologiques-commerciaux, et enfin tirer le meilleur parti de notre exp\u00e9rience dans les diff\u00e9rents domaines th\u00e9rapeutiques.<\/p>\n","protected":false},"excerpt":{"rendered":"<p>Arafarma Group a d\u00e9velopp\u00e9 en Espagne un r\u00e9seau de vente de d\u00e9l\u00e9gu\u00e9s commerciaux charg\u00e9s de pr\u00e9senter les produits et les nouveaut\u00e9s du laboratoire aux principaux sp\u00e9cialistes dans chaque domaine th\u00e9rapeutique. Nous participons \u00e9galement aux diverses congr\u00e8s et salons pharmaceutiques organis\u00e9s dans tout le pays pour se rapprocher de tous les professionnels du secteur et pour [&hellip;]<\/p>\n","protected":false},"author":1,"featured_media":0,"parent":0,"menu_order":0,"comment_status":"closed","ping_status":"closed","template":"","meta":{"footnotes":""},"class_list":["post-30","page","type-page","status-publish","hentry"],"_links":{"self":[{"href":"https:\/\/arapharmafrance.com\/web\/wp-json\/wp\/v2\/pages\/30","targetHints":{"allow":["GET"]}}],"collection":[{"href":"https:\/\/arapharmafrance.com\/web\/wp-json\/wp\/v2\/pages"}],"about":[{"href":"https:\/\/arapharmafrance.com\/web\/wp-json\/wp\/v2\/types\/page"}],"author":[{"embeddable":true,"href":"https:\/\/arapharmafrance.com\/web\/wp-json\/wp\/v2\/users\/1"}],"replies":[{"embeddable":true,"href":"https:\/\/arapharmafrance.com\/web\/wp-json\/wp\/v2\/comments?post=30"}],"version-history":[{"count":1,"href":"https:\/\/arapharmafrance.com\/web\/wp-json\/wp\/v2\/pages\/30\/revisions"}],"predecessor-version":[{"id":32,"href":"https:\/\/arapharmafrance.com\/web\/wp-json\/wp\/v2\/pages\/30\/revisions\/32"}],"wp:attachment":[{"href":"https:\/\/arapharmafrance.com\/web\/wp-json\/wp\/v2\/media?parent=30"}],"curies":[{"name":"wp","href":"https:\/\/api.w.org\/{rel}","templated":true}]}}

DÉVELOPMENT DES AFFAIRES

<p>Arafarma Group a développé en Espagne un réseau de vente de délégués commerciaux chargés de présenter les produits et les nouveautés du laboratoire aux principaux spécialistes dans chaque domaine thérapeutique. Nous participons également aux diverses congrès et salons pharmaceutiques organisés dans tout le pays pour se rapprocher de tous les professionnels du secteur et pour faire connaître les différents lancements réalisés.<br>Par ailleurs, le développement international représente l’un des moyens d’expansion choisis par le Groupe pour consolider sa croissance, et tenter d’universaliser les avantages des produits qu’il développe.<br>A commercialisation est réalisé par des alliances stratégiques avec des licenciés et des distributeurs.</p>



<h2 class="wp-block-heading">Les zones commerciales sont les suivantes :</h2>



<figure class="wp-block-image size-large"><img loading="lazy" decoding="async" width="567" height="401" src="https://arapharmafrance.com/web/wp-content/uploads/2020/08/image.png" alt="" class="wp-image-31" srcset="https://arapharmafrance.com/web/wp-content/uploads/2020/08/image.png 567w, https://arapharmafrance.com/web/wp-content/uploads/2020/08/image-300x212.png 300w" sizes="auto, (max-width: 567px) 100vw, 567px" /></figure>



<p>Notre objectif est de créer une valeur ajoutée par des accords de collaboration. Nous croyons que l’octroi de licences (Out-Licensing) constitue la base de notre croissance et développement par l’internationalisation et nous pensons aux accords de licence (In-Licensing) comme possibilité afin de compléter notre gamme de produits dans les domaines stratégiques et pharmacologiques-commerciaux, et enfin tirer le meilleur parti de notre expérience dans les différents domaines thérapeutiques.</p>

<p>Arafarma Group a développé en Espagne un réseau de vente de délégués commerciaux chargés de présenter les produits et les nouveautés du laboratoire aux principaux spécialistes dans chaque domaine thérapeutique. Nous participons également aux diverses congrès et salons pharmaceutiques organisés dans tout le pays pour se rapprocher de tous les professionnels du secteur et pour [&hellip;]</p>
